{"id":1911,"date":"2023-06-14T09:55:53","date_gmt":"2023-06-14T09:55:53","guid":{"rendered":"https:\/\/xn--fotografen-snderborg-mcc.dk\/?page_id=1911"},"modified":"2023-12-25T16:47:12","modified_gmt":"2023-12-25T16:47:12","slug":"booking","status":"publish","type":"page","link":"https:\/\/xn--fotografen-snderborg-mcc.dk\/?page_id=1911","title":{"rendered":"Booking"},"content":{"rendered":"\t\t<div data-elementor-type=\"wp-page\" data-elementor-id=\"1911\" class=\"elementor elementor-1911\" data-elementor-post-type=\"page\">\n\t\t\t\t\t\t<section class=\"elementor-section elementor-top-section elementor-element elementor-element-9dfcdfa elementor-section-full_width elementor-section-height-default elementor-section-height-default\" data-id=\"9dfcdfa\" data-element_type=\"section\">\n\t\t\t\t\t\t<div class=\"elementor-container elementor-column-gap-default\">\n\t\t\t\t\t<div class=\"elementor-column elementor-col-100 elementor-top-column elementor-element elementor-element-c592c20\" data-id=\"c592c20\" data-element_type=\"column\">\n\t\t\t<div class=\"elementor-widget-wrap elementor-element-populated\">\n\t\t\t\t\t\t<section class=\"elementor-section elementor-inner-section elementor-element elementor-element-85d5b9b elementor-section-boxed elementor-section-height-default elementor-section-height-default\" data-id=\"85d5b9b\" data-element_type=\"section\">\n\t\t\t\t\t\t<div class=\"elementor-container elementor-column-gap-default\">\n\t\t\t\t\t<div class=\"elementor-column elementor-col-33 elementor-inner-column elementor-element elementor-element-7d7c594\" data-id=\"7d7c594\" data-element_type=\"column\">\n\t\t\t<div class=\"elementor-widget-wrap elementor-element-populated\">\n\t\t\t\t\t\t<div class=\"elementor-element elementor-element-5b5d65b elementor-widget elementor-widget-text-editor\" data-id=\"5b5d65b\" data-element_type=\"widget\" data-widget_type=\"text-editor.default\">\n\t\t\t\t<div class=\"elementor-widget-container\">\n\t\t\t\t\t\t\t\t\t<h1><a href=\"https:\/\/www.supersaas.dk\/schedule\/Billedhusetbooking\/Fotografering_S%C3%98NDERBORG\" target=\"_blank\" rel=\"noopener\">Book en fotografering\u00a0<\/a><\/h1><h1><a href=\"https:\/\/www.supersaas.dk\/schedule\/Billedhusetbooking\/Fotografering_S%C3%98NDERBORG\" target=\"_blank\" rel=\"noopener\">i studio i S\u00f8nderborg: Klik her<\/a><\/h1>\t\t\t\t\t\t\t\t<\/div>\n\t\t\t\t<\/div>\n\t\t\t\t\t<\/div>\n\t\t<\/div>\n\t\t\t\t<div class=\"elementor-column elementor-col-33 elementor-inner-column elementor-element elementor-element-948b1e2\" data-id=\"948b1e2\" data-element_type=\"column\">\n\t\t\t<div class=\"elementor-widget-wrap elementor-element-populated\">\n\t\t\t\t\t\t<div class=\"elementor-element elementor-element-0f54f10 elementor-widget elementor-widget-text-editor\" data-id=\"0f54f10\" data-element_type=\"widget\" data-widget_type=\"text-editor.default\">\n\t\t\t\t<div class=\"elementor-widget-container\">\n\t\t\t\t\t\t\t\t\t<h1><a href=\"https:\/\/www.supersaas.dk\/schedule\/Billedhusetbooking\/Fotografering_NORDBORG\" target=\"_blank\" rel=\"noopener\">Book en fotografering<\/a><\/h1><h1><a href=\"https:\/\/www.supersaas.dk\/schedule\/Billedhusetbooking\/Fotografering_NORDBORG\" target=\"_blank\" rel=\"noopener\">i studio i Nordborg: Klik her<\/a><\/h1>\t\t\t\t\t\t\t\t<\/div>\n\t\t\t\t<\/div>\n\t\t\t\t\t<\/div>\n\t\t<\/div>\n\t\t\t\t<div class=\"elementor-column elementor-col-33 elementor-inner-column elementor-element elementor-element-76a1723\" data-id=\"76a1723\" data-element_type=\"column\">\n\t\t\t<div class=\"elementor-widget-wrap elementor-element-populated\">\n\t\t\t\t\t\t\t<\/div>\n\t\t<\/div>\n\t\t\t\t\t<\/div>\n\t\t<\/section>\n\t\t\t\t\t<\/div>\n\t\t<\/div>\n\t\t\t\t\t<\/div>\n\t\t<\/section>\n\t\t\t\t<section class=\"elementor-section elementor-top-section elementor-element elementor-element-32518e2 elementor-section-boxed elementor-section-height-default elementor-section-height-default\" data-id=\"32518e2\" data-element_type=\"section\">\n\t\t\t\t\t\t<div class=\"elementor-container elementor-column-gap-default\">\n\t\t\t\t\t<div class=\"elementor-column elementor-col-100 elementor-top-column elementor-element elementor-element-c786abc\" data-id=\"c786abc\" data-element_type=\"column\">\n\t\t\t<div class=\"elementor-widget-wrap elementor-element-populated\">\n\t\t\t\t\t\t<section class=\"elementor-section elementor-inner-section elementor-element elementor-element-cc5fb94 elementor-section-full_width elementor-section-height-default elementor-section-height-default\" data-id=\"cc5fb94\" data-element_type=\"section\">\n\t\t\t\t\t\t<div class=\"elementor-container elementor-column-gap-default\">\n\t\t\t\t\t<div class=\"elementor-column elementor-col-100 elementor-inner-column elementor-element elementor-element-ff5c012\" data-id=\"ff5c012\" data-element_type=\"column\">\n\t\t\t<div class=\"elementor-widget-wrap elementor-element-populated\">\n\t\t\t\t\t\t<div class=\"elementor-element elementor-element-9aaa41d elementor-widget elementor-widget-wpforms\" data-id=\"9aaa41d\" data-element_type=\"widget\" data-widget_type=\"wpforms.default\">\n\t\t\t\t<div class=\"elementor-widget-container\">\n\t\t\t\t\t<div class=\"wpforms-container \" id=\"wpforms-4503\"><form id=\"wpforms-form-4503\" class=\"wpforms-validate wpforms-form wpforms-ajax-form\" data-formid=\"4503\" method=\"post\" enctype=\"multipart\/form-data\" action=\"\/index.php?rest_route=%2Fwp%2Fv2%2Fpages%2F1911\" data-token=\"a2fc2e23ca6d3b70e703fd1114f52003\" data-token-time=\"1776600321\"><div class=\"wpforms-head-container\"><div class=\"wpforms-title\">Her kan du foresp\u00f8rge p\u00e5 tider der IKKE kan bookes her p\u00e5 siden<\/div><\/div><noscript class=\"wpforms-error-noscript\">Please enable JavaScript in your browser to complete this form.<\/noscript><div class=\"wpforms-field-container\"><div id=\"wpforms-4503-field_1-container\" class=\"wpforms-field wpforms-field-name\" data-field-id=\"1\"><label class=\"wpforms-field-label\" for=\"wpforms-4503-field_1\">Navn <span class=\"wpforms-required-label\">*<\/span><\/label><div class=\"wpforms-field-row wpforms-field-medium\"><div class=\"wpforms-field-row-block wpforms-first wpforms-two-fifths\"><input type=\"text\" id=\"wpforms-4503-field_1\" class=\"wpforms-field-name-first wpforms-field-required\" name=\"wpforms[fields][1][first]\" placeholder=\"Fornavn\" required><label for=\"wpforms-4503-field_1\" class=\"wpforms-field-sublabel after wpforms-sublabel-hide\">First<\/label><\/div><div class=\"wpforms-field-row-block wpforms-one-fifth\"><input type=\"text\" id=\"wpforms-4503-field_1-middle\" class=\"wpforms-field-name-middle\" name=\"wpforms[fields][1][middle]\" ><label for=\"wpforms-4503-field_1-middle\" class=\"wpforms-field-sublabel after wpforms-sublabel-hide\">Middle<\/label><\/div><div class=\"wpforms-field-row-block wpforms-two-fifths\"><input type=\"text\" id=\"wpforms-4503-field_1-last\" class=\"wpforms-field-name-last wpforms-field-required\" name=\"wpforms[fields][1][last]\" placeholder=\"Efternavn\" required><label for=\"wpforms-4503-field_1-last\" class=\"wpforms-field-sublabel after wpforms-sublabel-hide\">Last<\/label><\/div><\/div><\/div><div id=\"wpforms-4503-field_3-container\" class=\"wpforms-field wpforms-field-name\" data-field-id=\"3\"><label class=\"wpforms-field-label\" for=\"wpforms-4503-field_3\">Adresse <span class=\"wpforms-required-label\">*<\/span><\/label><div class=\"wpforms-field-row wpforms-field-medium\"><div class=\"wpforms-field-row-block wpforms-first wpforms-two-fifths\"><input type=\"text\" id=\"wpforms-4503-field_3\" class=\"wpforms-field-name-first wpforms-field-required\" name=\"wpforms[fields][3][first]\" placeholder=\"Gade og nr\" required><label for=\"wpforms-4503-field_3\" class=\"wpforms-field-sublabel after wpforms-sublabel-hide\">First<\/label><\/div><div class=\"wpforms-field-row-block wpforms-one-fifth\"><input type=\"text\" id=\"wpforms-4503-field_3-middle\" class=\"wpforms-field-name-middle\" name=\"wpforms[fields][3][middle]\" placeholder=\"Postnr.\" ><label for=\"wpforms-4503-field_3-middle\" class=\"wpforms-field-sublabel after wpforms-sublabel-hide\">Middle<\/label><\/div><div class=\"wpforms-field-row-block wpforms-two-fifths\"><input type=\"text\" id=\"wpforms-4503-field_3-last\" class=\"wpforms-field-name-last wpforms-field-required\" name=\"wpforms[fields][3][last]\" placeholder=\"By\" required><label for=\"wpforms-4503-field_3-last\" class=\"wpforms-field-sublabel after wpforms-sublabel-hide\">Last<\/label><\/div><\/div><\/div><div id=\"wpforms-4503-field_4-container\" class=\"wpforms-field wpforms-field-name\" data-field-id=\"4\"><label class=\"wpforms-field-label\" for=\"wpforms-4503-field_4\">Kontakt <span class=\"wpforms-required-label\">*<\/span><\/label><div class=\"wpforms-field-row wpforms-field-medium\"><div class=\"wpforms-field-row-block wpforms-first wpforms-one-half\"><input type=\"text\" id=\"wpforms-4503-field_4\" class=\"wpforms-field-name-first wpforms-field-required\" name=\"wpforms[fields][4][first]\" placeholder=\"Telefon\" required><label for=\"wpforms-4503-field_4\" class=\"wpforms-field-sublabel after wpforms-sublabel-hide\">First<\/label><\/div><div class=\"wpforms-field-row-block wpforms-one-half\"><input type=\"text\" id=\"wpforms-4503-field_4-last\" class=\"wpforms-field-name-last wpforms-field-required\" name=\"wpforms[fields][4][last]\" placeholder=\"E-mail\" required><label for=\"wpforms-4503-field_4-last\" class=\"wpforms-field-sublabel after wpforms-sublabel-hide\">Last<\/label><\/div><\/div><\/div><div id=\"wpforms-4503-field_5-container\" class=\"wpforms-field wpforms-field-name\" data-field-id=\"5\"><label class=\"wpforms-field-label\" for=\"wpforms-4503-field_5\">Data <span class=\"wpforms-required-label\">*<\/span><\/label><div class=\"wpforms-field-row wpforms-field-medium\"><div class=\"wpforms-field-row-block wpforms-first wpforms-one-half\"><input type=\"text\" id=\"wpforms-4503-field_5\" class=\"wpforms-field-name-first wpforms-field-required\" name=\"wpforms[fields][5][first]\" placeholder=\"Dato og evt. tidspunkt\" required><label for=\"wpforms-4503-field_5\" class=\"wpforms-field-sublabel after wpforms-sublabel-hide\">First<\/label><\/div><div class=\"wpforms-field-row-block wpforms-one-half\"><input type=\"text\" id=\"wpforms-4503-field_5-last\" class=\"wpforms-field-name-last wpforms-field-required\" name=\"wpforms[fields][5][last]\" placeholder=\"Hvor, og I studio eller ude?\" required><label for=\"wpforms-4503-field_5-last\" class=\"wpforms-field-sublabel after wpforms-sublabel-hide\">Last<\/label><\/div><\/div><\/div><div id=\"wpforms-4503-field_6-container\" class=\"wpforms-field wpforms-field-name\" data-field-id=\"6\"><label class=\"wpforms-field-label\" for=\"wpforms-4503-field_6\">Hvor mange b\u00f8rn og hvor mange voksne <span class=\"wpforms-required-label\">*<\/span><\/label><input type=\"text\" id=\"wpforms-4503-field_6\" class=\"wpforms-field-medium wpforms-field-required\" name=\"wpforms[fields][6]\" required><\/div><div id=\"wpforms-4503-field_7-container\" class=\"wpforms-field wpforms-field-name\" data-field-id=\"7\"><label class=\"wpforms-field-label\" for=\"wpforms-4503-field_7\">Anledning? <span class=\"wpforms-required-label\">*<\/span><\/label><input type=\"text\" id=\"wpforms-4503-field_7\" class=\"wpforms-field-medium wpforms-field-required\" name=\"wpforms[fields][7]\" placeholder=\"B\u00f8rnefoto, gravid, bryllup, konfirmation, familie o.s.v\" required><\/div><div id=\"wpforms-4503-field_9-container\" class=\"wpforms-field wpforms-field-name\" data-field-id=\"9\"><label class=\"wpforms-field-label\" for=\"wpforms-4503-field_9\">Skriv her hvad du \u00f8nsker lavet? <span class=\"wpforms-required-label\">*<\/span><\/label><input type=\"text\" id=\"wpforms-4503-field_9\" class=\"wpforms-field-medium wpforms-field-required\" name=\"wpforms[fields][9]\" placeholder=\"Har du bestemte \u00f8nsker til fotograferingen, s\u00e5 skriv dem her\" required><\/div><div id=\"wpforms-4503-field_11-container\" class=\"wpforms-field wpforms-field-name\" data-field-id=\"11\"><label class=\"wpforms-field-label\" for=\"wpforms-4503-field_11\">Har du sp\u00f8rgsm\u00e5l?<\/label><input type=\"text\" id=\"wpforms-4503-field_11\" class=\"wpforms-field-medium\" name=\"wpforms[fields][11]\" ><\/div><div id=\"wpforms-4503-field_12-container\" class=\"wpforms-field wpforms-field-radio\" data-field-id=\"12\"><label class=\"wpforms-field-label\">Er du MEDLEM af Familie-Aftale? <span class=\"wpforms-required-label\">*<\/span><\/label><ul id=\"wpforms-4503-field_12\" class=\"wpforms-field-required\"><li class=\"choice-1 depth-1\"><input type=\"radio\" id=\"wpforms-4503-field_12_1\" name=\"wpforms[fields][12]\" value=\"Jeg er IKKE medlem\" required ><label class=\"wpforms-field-label-inline\" for=\"wpforms-4503-field_12_1\">Jeg er IKKE medlem<\/label><\/li><li class=\"choice-2 depth-1\"><input type=\"radio\" id=\"wpforms-4503-field_12_2\" name=\"wpforms[fields][12]\" value=\"Jeg ER medlem\" required ><label class=\"wpforms-field-label-inline\" for=\"wpforms-4503-field_12_2\">Jeg ER medlem<\/label><\/li><\/ul><\/div><div id=\"wpforms-4503-field_13-container\" class=\"wpforms-field wpforms-field-radio\" data-field-id=\"13\"><label class=\"wpforms-field-label\">V\u00e6lg venligst her hvis du har k\u00f8bt Fotodeal eller har gavekort <span class=\"wpforms-required-label\">*<\/span><\/label><ul id=\"wpforms-4503-field_13\" class=\"wpforms-field-required\"><li class=\"choice-6 depth-1\"><input type=\"radio\" id=\"wpforms-4503-field_13_6\" name=\"wpforms[fields][13]\" value=\"Jeg har ikke nogen beviser eller andet til gode\" required ><label class=\"wpforms-field-label-inline\" for=\"wpforms-4503-field_13_6\">Jeg har ikke nogen beviser eller andet til gode<\/label><\/li><li class=\"choice-1 depth-1\"><input type=\"radio\" id=\"wpforms-4503-field_13_1\" name=\"wpforms[fields][13]\" value=\"Jeg har k\u00f8bt en FotoDeal p\u00e5 FotoDeal.dk\" required ><label class=\"wpforms-field-label-inline\" for=\"wpforms-4503-field_13_1\">Jeg har k\u00f8bt en FotoDeal p\u00e5 FotoDeal.dk<\/label><\/li><li class=\"choice-2 depth-1\"><input type=\"radio\" id=\"wpforms-4503-field_13_2\" name=\"wpforms[fields][13]\" value=\"Jeg har et k\u00f8bt gavekort\" required ><label class=\"wpforms-field-label-inline\" for=\"wpforms-4503-field_13_2\">Jeg har et k\u00f8bt gavekort<\/label><\/li><li class=\"choice-3 depth-1\"><input type=\"radio\" id=\"wpforms-4503-field_13_3\" name=\"wpforms[fields][13]\" value=\"Jeg har et vundet gavekort eller v\u00e6rdibevis\" required ><label class=\"wpforms-field-label-inline\" for=\"wpforms-4503-field_13_3\">Jeg har et vundet gavekort eller v\u00e6rdibevis<\/label><\/li><li class=\"choice-4 depth-1\"><input type=\"radio\" id=\"wpforms-4503-field_13_4\" name=\"wpforms[fields][13]\" value=\"Jeg har f\u00e5et et v\u00e6rdibevis i butikken\" required ><label class=\"wpforms-field-label-inline\" for=\"wpforms-4503-field_13_4\">Jeg har f\u00e5et et v\u00e6rdibevis i butikken<\/label><\/li><li class=\"choice-5 depth-1\"><input type=\"radio\" id=\"wpforms-4503-field_13_5\" name=\"wpforms[fields][13]\" value=\"Jeg har noget andet til gode\" required ><label class=\"wpforms-field-label-inline\" for=\"wpforms-4503-field_13_5\">Jeg har noget andet til gode<\/label><\/li><\/ul><\/div><div id=\"wpforms-4503-field_14-container\" class=\"wpforms-field wpforms-field-name\" data-field-id=\"14\"><label class=\"wpforms-field-label\" for=\"wpforms-4503-field_14\">Beskriv venligst her, hvis du har en FotoDeal eller gavekort eller andet<\/label><input type=\"text\" id=\"wpforms-4503-field_14\" class=\"wpforms-field-medium\" name=\"wpforms[fields][14]\" placeholder=\"Hvad har du k\u00f8bt eller hvad g\u00e6lder dit gavekort\/v\u00e6rdibevis eller andet\" ><\/div><div id=\"wpforms-4503-field_15-container\" class=\"wpforms-field wpforms-field-checkbox\" data-field-id=\"15\"><label class=\"wpforms-field-label\"> <\/label><ul id=\"wpforms-4503-field_15\"><li class=\"choice-1 depth-1\"><input type=\"checkbox\" id=\"wpforms-4503-field_15_1\" name=\"wpforms[fields][15][]\" value=\"Jeg \u00f8nsker mere tid end op til 1 time\"  ><label class=\"wpforms-field-label-inline\" for=\"wpforms-4503-field_15_1\">Jeg \u00f8nsker mere tid end op til 1 time<\/label><\/li><\/ul><\/div><div id=\"wpforms-4503-field_18-container\" class=\"wpforms-field wpforms-field-checkbox\" data-field-id=\"18\"><label class=\"wpforms-field-label\">  <span class=\"wpforms-required-label\">*<\/span><\/label><ul id=\"wpforms-4503-field_18\" class=\"wpforms-field-required\"><li class=\"choice-1 depth-1\"><input type=\"checkbox\" id=\"wpforms-4503-field_18_1\" name=\"wpforms[fields][18][]\" value=\"Jeg accepterer at prisen for fotograferingen ogs\u00e5 er et depositum, som skal betales ved bookingen, og som ikke tilbagebetales ved aflysning af fotografering.\" required ><label class=\"wpforms-field-label-inline\" for=\"wpforms-4503-field_18_1\">Jeg accepterer at prisen for fotograferingen ogs\u00e5 er et depositum, som skal betales ved bookingen, og som ikke tilbagebetales ved aflysning af fotografering.<\/label><\/li><\/ul><\/div><div id=\"wpforms-4503-field_19-container\" class=\"wpforms-field wpforms-field-checkbox\" data-field-id=\"19\"><label class=\"wpforms-field-label\">  <span class=\"wpforms-required-label\">*<\/span><\/label><ul id=\"wpforms-4503-field_19\" class=\"wpforms-field-required\"><li class=\"choice-1 depth-1\"><input type=\"checkbox\" id=\"wpforms-4503-field_19_1\" name=\"wpforms[fields][19][]\" value=\"Jeg har forst\u00e5et at min booking f\u00f8rst er gyldig, n\u00e5r jeg har betalt for fotograferingen\" required ><label class=\"wpforms-field-label-inline\" for=\"wpforms-4503-field_19_1\">Jeg har forst\u00e5et at min booking f\u00f8rst er gyldig, n\u00e5r jeg har betalt for fotograferingen<\/label><\/li><\/ul><\/div><div id=\"wpforms-4503-field_20-container\" class=\"wpforms-field wpforms-field-checkbox\" data-field-id=\"20\"><label class=\"wpforms-field-label\">  <span class=\"wpforms-required-label\">*<\/span><\/label><ul id=\"wpforms-4503-field_20\" class=\"wpforms-field-required\"><li class=\"choice-1 depth-1\"><input type=\"checkbox\" id=\"wpforms-4503-field_20_1\" name=\"wpforms[fields][20][]\" value=\"Jeg har forst\u00e5et, at hvis jeg f\u00e5r en pris p\u00e5 \u00f8nsket fotografering, s\u00e5 er prisen kun gyldig, hvis jeg har udfyldt formularen korrekt\" required ><label class=\"wpforms-field-label-inline\" for=\"wpforms-4503-field_20_1\">Jeg har forst\u00e5et, at hvis jeg f\u00e5r en pris p\u00e5 \u00f8nsket fotografering, s\u00e5 er prisen kun gyldig, hvis jeg har udfyldt formularen korrekt<\/label><\/li><\/ul><\/div><\/div><!-- .wpforms-field-container --><div class=\"wpforms-submit-container\" ><input type=\"hidden\" name=\"wpforms[id]\" value=\"4503\"><input type=\"hidden\" name=\"page_title\" value=\"\"><input type=\"hidden\" name=\"page_url\" value=\"https:\/\/xn--fotografen-snderborg-mcc.dk\/index.php?rest_route=\/wp\/v2\/pages\/1911\"><input type=\"hidden\" name=\"url_referer\" value=\"\"><button type=\"submit\" name=\"wpforms[submit]\" id=\"wpforms-submit-4503\" class=\"wpforms-submit\" data-alt-text=\"Sender...\" data-submit-text=\"Send til fotografen\" aria-live=\"assertive\" value=\"wpforms-submit\">Send til fotografen<\/button><img decoding=\"async\" src=\"https:\/\/xn--fotografen-snderborg-mcc.dk\/wp-content\/plugins\/wpforms-lite\/assets\/images\/submit-spin.svg\" class=\"wpforms-submit-spinner\" style=\"display: none;\" width=\"26\" height=\"26\" alt=\"Loading\"><\/div><\/form><\/div>  <!-- .wpforms-container -->\t\t\t\t<\/div>\n\t\t\t\t<\/div>\n\t\t\t\t\t<\/div>\n\t\t<\/div>\n\t\t\t\t\t<\/div>\n\t\t<\/section>\n\t\t\t\t\t<\/div>\n\t\t<\/div>\n\t\t\t\t\t<\/div>\n\t\t<\/section>\n\t\t\t\t<section class=\"elementor-section elementor-top-section elementor-element elementor-element-374e725 elementor-section-full_width elementor-section-height-default elementor-section-height-default\" data-id=\"374e725\" data-element_type=\"section\">\n\t\t\t\t\t\t<div class=\"elementor-container elementor-column-gap-default\">\n\t\t\t\t\t<div class=\"elementor-column elementor-col-100 elementor-top-column elementor-element elementor-element-39497a8\" data-id=\"39497a8\" data-element_type=\"column\">\n\t\t\t<div class=\"elementor-widget-wrap\">\n\t\t\t\t\t\t\t<\/div>\n\t\t<\/div>\n\t\t\t\t\t<\/div>\n\t\t<\/section>\n\t\t\t\t<\/div>\n\t\t","protected":false},"excerpt":{"rendered":"<p>Book en fotografering\u00a0 i studio i S\u00f8nderborg: Klik her Book en fotografering i studio i Nordborg: Klik her Her kan du foresp\u00f8rge p\u00e5 tider der IKKE kan bookes her p\u00e5 sidenPlease enable JavaScript in your browser to complete this form.Navn *FirstMiddleLastAdresse *FirstMiddleLastKontakt *FirstLastData *FirstLastHvor mange b\u00f8rn og hvor mange voksne *Anledning? *Skriv her hvad du &hellip;<\/p>\n<p class=\"read-more\"> <a class=\"\" href=\"https:\/\/xn--fotografen-snderborg-mcc.dk\/?page_id=1911\"> <span class=\"screen-reader-text\">Booking<\/span> L\u00e6s mere &raquo;<\/a><\/p>\n","protected":false},"author":1,"featured_media":0,"parent":0,"menu_order":0,"comment_status":"closed","ping_status":"closed","template":"","meta":{"site-sidebar-layout":"no-sidebar","site-content-layout":"page-builder","ast-site-content-layout":"","site-content-style":"default","site-sidebar-style":"default","ast-global-header-display":"","ast-banner-title-visibility":"","ast-main-header-display":"","ast-hfb-above-header-display":"","ast-hfb-below-header-display":"","ast-hfb-mobile-header-display":"","site-post-title":"disabled","ast-breadcrumbs-content":"","ast-featured-img":"disabled","footer-sml-layout":"","theme-transparent-header-meta":"","adv-header-id-meta":"","stick-header-meta":"","header-above-stick-meta":"","header-main-stick-meta":"","header-below-stick-meta":"","astra-migrate-meta-layouts":"","footnotes":""},"class_list":["post-1911","page","type-page","status-publish","hentry"],"_links":{"self":[{"href":"https:\/\/xn--fotografen-snderborg-mcc.dk\/index.php?rest_route=\/wp\/v2\/pages\/1911","targetHints":{"allow":["GET"]}}],"collection":[{"href":"https:\/\/xn--fotografen-snderborg-mcc.dk\/index.php?rest_route=\/wp\/v2\/pages"}],"about":[{"href":"https:\/\/xn--fotografen-snderborg-mcc.dk\/index.php?rest_route=\/wp\/v2\/types\/page"}],"author":[{"embeddable":true,"href":"https:\/\/xn--fotografen-snderborg-mcc.dk\/index.php?rest_route=\/wp\/v2\/users\/1"}],"replies":[{"embeddable":true,"href":"https:\/\/xn--fotografen-snderborg-mcc.dk\/index.php?rest_route=%2Fwp%2Fv2%2Fcomments&post=1911"}],"version-history":[{"count":70,"href":"https:\/\/xn--fotografen-snderborg-mcc.dk\/index.php?rest_route=\/wp\/v2\/pages\/1911\/revisions"}],"predecessor-version":[{"id":5660,"href":"https:\/\/xn--fotografen-snderborg-mcc.dk\/index.php?rest_route=\/wp\/v2\/pages\/1911\/revisions\/5660"}],"wp:attachment":[{"href":"https:\/\/xn--fotografen-snderborg-mcc.dk\/index.php?rest_route=%2Fwp%2Fv2%2Fmedia&parent=1911"}],"curies":[{"name":"wp","href":"https:\/\/api.w.org\/{rel}","templated":true}]}}